ide 2590?
False
Is 837 a multiple of 93?
True
Is 728 a multiple of 8?
True
Is 42 a factor of 12809?
False
Is 92 a factor of 20863?
False
Does 135 divide 15525?
True
Does 54 divide 26244?
True
Does 68 divide 673?
False
Does 29 divide 355?
False
Is 25200 a multiple of 100?
True
Is 165 a multiple of 18?
False
Does 63 divide 1386?
True
Is 14 a factor of 34832?
True
Is 8 a factor of 1712?
True
Is 1149 a multiple of 28?
False
Is 29 a factor of 15009?
False
Does 5 divide 2616?
False
Is 33 a factor of 7359?
True
Is 4163 a multiple of 18?
False
Does 12 divide 5640?
True
Is 72 a multiple of 9?
True
Does 17 divide 493?
True
Does 19 divide 1932?
False
Does 19 divide 694?
False
Is 3883 a multiple of 11?
True
Does 38 divide 5558?
False
Is 36 a factor of 4021?
False
Does 10 divide 598?
False
Is 15 a factor of 21226?
False
Does 22 divide 448?
False
Does 215 divide 46870?
True
Does 9 divide 190?
False
Is 37 a factor of 4218?
True
Is 22 a factor of 6402?
True
Does 43 divide 3440?
True
Is 1042 a multiple of 10?
False
Is 4 a factor of 6?
False
Does 25 divide 19175?
True
Is 99 a factor of 18810?
True
Is 329 a multiple of 4?
False
Does 95 divide 2470?
True
Does 6 divide 66?
True
Is 9 a factor of 344?
False
Does 52 divide 1161?
False
Does 52 divide 11009?
False
Does 17 divide 1365?
False
Does 160 divide 320?
True
Is 11450 a multiple of 25?
True
Is 256 a factor of 7341?
False
Does 4 divide 3456?
True
Is 51 a multiple of 24?
False
Is 2 a factor of 128?
True
Does 14 divide 1134?
True
Is 416 a multiple of 16?
True
Is 138 a factor of 87289?
False
Does 14 divide 4652?
False
Does 77 divide 20221?
False
Does 341 divide 102300?
True
Is 122490 a multiple of 42?
False
Does 8 divide 792?
True
Does 9 divide 302?
False
Is 398 a multiple of 34?
False
Does 14 divide 413?
False
Is 19469 a multiple of 37?
False
Is 12 a factor of 15780?
True
Is 4 a factor of 1782?
False
Is 26 a factor of 981?
False
Does 43 divide 1857?
False
Is 4432 a multiple of 16?
True
Is 32 a factor of 5898?
False
Is 226 a multiple of 3?
False
Is 7650 a multiple of 25?
True
Is 480 a multiple of 32?
True
Is 3 a multiple of 3?
True
Does 3 divide 67?
False
Does 5 divide 320?
True
Is 22 a factor of 3398?
False
Does 4 divide 7480?
True
Does 198 divide 19602?
True
Is 2 a factor of 1059?
False
Does 54 divide 1566?
True
Is 3979 a multiple of 5?
False
Is 175 a multiple of 7?
True
Is 35775 a multiple of 27?
True
Does 8 divide 81?
False
Is 72 a factor of 4248?
True
Is 28017 a multiple of 13?
False
Does 11 divide 1213?
False
Is 12993 a multiple of 5?
False
Does 12 divide 4846?
False
Is 34100 a multiple of 10?
True
Does 10 divide 7262?
False
Is 10 a factor of 30?
True
Does 6 divide 120?
True
Is 157 a factor of 10519?
True
Does 21 divide 1449?
True
Is 37548 a multiple of 14?
True
Is 496 a multiple of 8?
True
Does 7 divide 4102?
True
Is 2162 a multiple of 46?
True
Is 13 a factor of 5670?
False
Is 120 a multiple of 4?
True
Is 36 a factor of 872?
False
Does 20 divide 760?
True
Is 132906 a multiple of 17?
True
Does 37 divide 4107?
True
Is 296 a factor of 89463?
False
Does 9 divide 279?
True
Is 363 a factor of 514?
False
Does 73 divide 1022?
True
Is 14 a factor of 448?
True
Does 112 divide 2016?
True
Does 70 divide 280?
True
Is 61 a factor of 1769?
True
Is 26 a factor of 3562?
True
Does 57 divide 2679?
True
Is 102 a factor of 11016?
True
Is 806 a multiple of 18?
False
Is 8 a factor of 18897?
False
Is 3491 a multiple of 44?
False
Is 10540 a multiple of 34?
True
Is 798 a multiple of 19?
True
Does 14 divide 6604?
False
Is 37155 a multiple of 86?
False
Does 10 divide 7824?
False
Does 16 divide 63525?
False
Is 71 a factor of 307?
False
Is 23 a factor of 278?
False
Is 5 a factor of 22760?
True
Does 196 divide 40376?
True
Is 35311 a multiple of 107?
False
Does 16 divide 14160?
True
Is 10 a factor of 1400?
True
Is 496 a multiple of 62?
True
Does 39 divide 8814?
True
Is 1525 a multiple of 5?
True
Is 9 a factor of 252?
True
Is 22 a factor of 16060?
True
Does 18 divide 4193?
False
Is 3 a factor of 304?
False
Is 4 a factor of 404?
True
Is 5278 a multiple of 7?
True
Is 36335 a multiple of 45?
False
Is 867 a multiple of 17?
True
Is 24 a factor of 1159?
False
Does 18 divide 5616?
True
Does 3 divide 81?
True
Does 12 divide 24?
True
Does 28 divide 4616?
False
Does 29 divide 1363?
True
Does 15 divide 145?
False
Does 15 divide 4260?
True
Is 3481 a multiple of 59?
True
Is 1447 even?
False
Does 3 divide 517?
False
Does 105 divide 11130?
True
Does 75 divide 842?
False
Does 27 divide 594?
True
Is 30406 a multiple of 38?
False
Is 23 a factor of 16997?
True
Does 4 divide 3524?
True
Is 12 a factor of 402?
False
Is 6 a factor of 12558?
True
Does 268 divide 41654?
False
Is 100 a multiple of 50?
True
Is 10 a factor of 18476?
False
Does 18 divide 1080?
True
Does 107 divide 30274?
False
Is 9 a factor of 5508?
True
Is 8138 a multiple of 27?
False
Is 896 a multiple of 128?
True
Is 5713 a multiple of 19?
False
Does 36 divide 9050?
False
Is 12 a factor of 240?
True
Is 138 a factor of 4860?
False
Is 2615 a multiple of 38?
False
Does 25 divide 22300?
True
Is 18 a factor of 7033?
False
Does 31 divide 248?
True
Is 14 a factor of 8511?
False
Is 93 a factor of 3069?
True
Does 100 divide 15300?
True
Does 34 divide 1449?
False
Does 8 divide 184?
True
Is 10 a factor of 5657?
False
Does 73 divide 2263?
True
Does 17 divide 22442?
False
Does 6 divide 32221?
False
Is 484 a multiple of 21?
False
Is 29767 a multiple of 17?
True
Does 3 divide 27?
True
Does 42 divide 43?
False
Is 940 a multiple of 20?
True
Does 72 divide 19152?
True
Does 133 divide 20766?
False
Does 63 divide 40383?
True
Does 5 divide 285?
True
Is 84 a multiple of 12?
True
Is 34 a factor of 2753?
False
Is 37791 a multiple of 117?
True
Does 103 divide 1648?
True
Is 3350 a multiple of 10?
True
Is 57 a factor of 228?
True
Does 72 divide 2772?
False
Is 6 a factor of 15?
False
Is 97 a factor of 1552?
True
Is 10 a factor of 60?
True
Does 51 divide 153459?
True
Does 22 divide 4827?
False
Does 19 divide 2584?
True
Does 27 divide 30145?
False
Is 9 a multiple of 2?
False
Does 3 divide 10065?
True
Is 14 a factor of 11494?
True
Does 14 divide 170?
False
Is 3 a factor of 392?
False
Is 7 a factor of 369?
False
Is 54709 a multiple of 16?
False
Is 1659 a multiple of 21?
True
Is 13 a factor of 1404?
True
Is 4676 a multiple of 25?
False
Is 11 a factor of 4246?
True
Is 81 a factor of 22014?
False
Does 250 divide 21500?
True
Is 21480 a multiple of 30?
True
Is 5549 a multiple of 30?
False
Does 5 divide 4049?
False
Is 8516 a multiple of 4?
True
Is 728 a multiple of 4?
True
Does 112 divide 18256?
True
Is 22 a factor of 1511?
False
Does 39 divide 2262?
True
Does 13 divide 1409?
False
Does 2 divide 1149?
False
Is 9328 a multiple of 8?
True
Is 340 even?
True
Is 2533 a multiple of 149?
True
Is 2 a factor of 1735?
False
Does 11 divide 53889?
True
Is 83 a factor of 4458?
False
Is 6421 a multiple of 12?
False
Is 22 a factor of 7436?
True
Is 6 a factor of 640?
False
Is 29952 a multiple of 39?
True
Is 99 a factor of 101990?
False
Does 206 divide 13390?
True
Is 30 a factor of 3216?
False
Is 882 a multiple of 21?
True
Does 12 divide 1140?
True
Does 77 divide 9702?
True
Is 11 a factor of 1342?
True
Does 9 divide 4683?
False
Is 17 a factor of 4043?
False
Is 1392 a multiple of 5?
False
Does 11 divide 7232?
False
Is 108 even?
True
Does 114 divide 7968?
False
Is 68 a factor of 7491?
False
Is 21 a factor of 49245?
True
Is 5461 a multiple of 43?
True
Does 25 divide 42407?
False
Does 4 divide 200?
True
Is 12 a factor of 20104?
False
Does 8 divide 370?
False
Does 120 divide 10080?
True
Is 81 a factor of 324?
True
Does 9 divide 306?
True
Is 65 a factor of 1170?
True
Is 1239 a multiple of 34?
False
Is 10 a factor of 1200?
True
Is 80 a factor of 45266?
False
Is 163 a factor of 22636?
False
Does 23 divide 1702?
True
Does 5 divide 2030?
True
Is 97 a factor of 16975?
True
Is 22 a factor of 240?
False
Is 6075 a multiple of 27?
True
Does 308 divide 14476?
True
Is 24 a factor of 1411?
False
Is 134907 a multiple of 20?
False
Does 78 divide 17520?
False
Is 11 a factor of 255?
False
Is 4902 a multiple of 19?
True
Is 127 a multiple of 23?
False
Is 35 a factor of 57?
False
Is 19 a factor of 9446?
False
Is 21 a factor of 21?
True
Is 103043 a multiple of 8?
False
Does 1